08791 + 64855443. Is b a prime number?
True
Let c = -7197 + 40316. Is c composite?
False
Suppose 0 = 3*i + 3*m - 8832, 2*m + 293 = -3*i + 9129. Let z = i - -1989. Is z a composite number?
False
Let f(x) = -x**3 + 31*x**2 - 68*x + 97. Is f(19) composite?
False
Suppose 11 = -i + 14. Suppose i*g - 4*c - 23 = -7, -5*g + 21 = -c. Suppose -g*x = 290 - 1134. Is x composite?
False
Suppose 0 = -i + 6, -21 = 323*y - 320*y - 5*i. Suppose -3*o + o + 260 = 4*j, -5*j - o + 322 = 0. Suppose k = -4*q + y + j, -2*q + 75 = k. Is k a prime number?
True
Let x(c) = -174*c**3 + 4*c**2 + 5*c + 2. Let b be x(-1). Let f = b - -340. Suppose -833 - f = -4*n. Is n composite?
False
Suppose 5*l = 15*l - 129290. Suppose 6*p + p = l. Is p a composite number?
False
Suppose 5*c + 10 = l, -129 + 17 = -4*l + 2*c. Is 105/175 - 3/(l/(-43904)) a prime number?
True
Suppose -882620 = -5*x + 3*b, -23*x + 706094 = -19*x - 2*b. Is x prime?
True
Let f = -579 - -716. Suppose f*v = 148*v - 224609. Is v a prime number?
False
Is (3 - -14*1265)*142/71 composite?
True
Suppose 236990 - 37826 = 59*k + 25*k. Is k prime?
True
Is ((-1354274)/2 - -2)*(0 + 57/(-95)) composite?
True
Suppose -17*o + 18*o + 1605307 = 12*o. Is o a prime number?
False
Let z(m) = 674*m**3 - 7*m**2 + 9*m - 1. Let v = 467 - 465. Is z(v) a prime number?
True
Let c be ((-149912)/(-7))/((-4)/(-2)). Suppose 0*j + 4*a + 17859 = 5*j, 0 = -3*j - 5*a + c. Is j a prime number?
True
Suppose 10*h = 6*h + 20. Suppose 8385 = 2*r - h*u, 2*u + 0 = -10. Suppose 5*g - 2720 = -w + r, -3*w = g - 1366. Is g prime?
True
Let o(c) = -6277*c - 10. Let k(n) = 6276*n + 11. Let z(y) = -4*k(y) - 5*o(y). Is z(1) a composite number?
False
Suppose -2*k + 10*f + 137 = 5*f, 0 = 2*f - 2. Let i = -43 + k. Let j = i + 5. Is j a composite number?
True
Let q = 68248 - 47651. Is q composite?
True
Let j(p) = p**3 - 8*p**2 - 8*p + 22. Let g = 86 - 83. Suppose 5*v - 42 = -c, g*v - c - c - 33 = 0. Is j(v) a prime number?
True
Suppose -5*d + 0*d = 0. Suppose 4*c = -16, c + 32 = 5*q + 18. Suppose -478 = -p + q*t + t, -5*p + 5*t + 2360 = d. Is p a prime number?
False
Let p = 4982 - 1924. Suppose 0 = 2*h + 4*f - p, -h = -4*h - f + 4602. Is h prime?
False
Let u = -33 - -35. Suppose c + u*c - 4*z = 2, 2*c + 2*z - 6 = 0. Is (-1)/(c/(-4314)) + (24 - 24) a prime number?
False
Let r = -97 + 103. Is (-1 - 2)*(-11278)/r composite?
False
Let m(i) = -6*i**2 - 10*i**2 - 9*i**2 - 16*i**2 - 29 - 6*i + 42*i**2. Is m(-20) a composite number?
False
Let y be 1166869/22 - (-7)/2. Is 8/12*6/12*y a prime number?
True
Let t(q) = 445 + 3*q**2 - 416 + 14*q + 5*q. Is t(21) a composite number?
True
Let x = 124791 + -51838. Is x composite?
False
Let j(r) = 201*r**3 - 13*r**2 + 19*r - 271. Is j(10) a composite number?
True
Let a = -859 - -28076. Is a composite?
True
Let c be ((-3)/(-9))/((-1)/18). Let g be (2/(-3))/(c/1494). Let s = 632 - g. Is s a composite number?
True
Suppose -18*c - 15 = -23*c. Suppose -4*u = -c*o + 46, 4*o = u + 43 + 1. Is ((-19)/(-2))/(1/o) prime?
False
Is (-2)/((-18)/(-3)) + 113564/348 a composite number?
True
Suppose 0 = 4*v - 12, -5*g + 7 = 30*v - 31*v. Let h be -4*2/(8/(-5)). Suppose 12806 = 5*a - a + g*k, -h*a = -2*k - 15985. Is a prime?
False
Suppose -4*m - 5*z = -0*z - 21, 0 = -3*m - 4*z + 17. Let u(i) = -7337*i + 6. Let g(w) = -2446*w + 1. Let h(y) = 7*g(y) - 2*u(y). Is h(m) prime?
False
Is (-479224)/(-7) - -7*60/980 a prime number?
False
Let z be 46/(-391) - (-11768)/34. Suppose -10*g - z = -8*g. Let y = -30 - g. Is y a composite number?
True
Let q(r) = -35*r**2 - 3*r**3 - 6 + 8*r + 2 + 74*r**2 + r**3 - 28*r**2. Let n be (-4)/(-10) - 74/10. Is q(n) prime?
False
Let a(l) = l**2 + 3*l + 3. Let k be a(-5). Let w(p) = -35*p - 33. Let d be w(k). Let c = d - -711. Is c composite?
False
Let r be ((-11)/(-4) + -2)*(-8)/(-3). Suppose 7*v - 10 = 3*v + 3*g, 0 = -v + r*g. Suppose 3*d - 5*w - 3149 = 874, -v*d + 2*w + 5378 = 0. Is d a prime number?
False
Let l(d) = -d**3 + 8*d**2 - 4*d - 17. Let h be l(7). Suppose -y + 18 = -8*m + h*m, -y = -3*m - 13. Is (y - 15728/6)*(-30)/20 composite?
True
Let c(n) = 145*n**2 + 0 + 14*n - 15*n + 0 - 3. Is c(-1) a prime number?
False
Is (-6)/10 + 1 - (124033239/5)/(-33) composite?
False
Suppose -5*w - 619408 + 1715638 = 0. Suppose 132987 + w = 9*h. Is h a composite number?
True
Suppose 5*r + 8 + 37 = a, 5*a - 115 = 3*r. Let n = -7 + a. Suppose 4*v - n = -1, 390 = t + 3*v. Is t a composite number?
True
Let l(b) = 3 - 5*b**2 + 0*b**2 - 4 + 4*b**2 + b. Let k be l(0). Is (86 - 1)/(k - -2) a composite number?
True
Suppose 953*k - 10613049 = 478*k + 458*k. Is k a prime number?
False
Let u = -7056 - -12193. Is u a composite number?
True
Suppose -4*t = -4*g - 61996, 7 = 3*t + 4*g - 46476. Is t a composite number?
False
Let l(a) = 5*a - 8. Let q be l(2). Let p(t) = 21*t - 132. Let y be p(6). Is ((17592/(-18))/4)/(q/y) a prime number?
True
Suppose 4*r + 27*k - 22*k - 31 = 0, r - 6 = -3*k. Suppose 0 = r*q - 12*q + 56847. Is q prime?
False
Is (-2)/(15 + 332255401/(-22150357)) prime?
False
Let r(b) be the first derivative of -32*b**3/3 - 6*b**2 - 4*b - 12. Let q be r(9). Is (-8)/(-40) + q/(-5) composite?
False
Let s(c) = -2*c - 34. Let j be s(-17). Suppose -9*x + 4*x + 4895 = j. Is x a prime number?
False
Suppose 0 = -n - 9*n - 194880. Let o be ((-9)/21)/(0 - (-1)/(-7)). Is ((-1)/o)/(4*8/n) a composite number?
True
Let j = -22139 + 78292. Is j a composite number?
True
Suppose -52*u = -51*u. Suppose u = -44*o + 45*o - 4. Suppose -o*p = -2*w - 30542, 18833 + 4090 = 3*p + 4*w. Is p composite?
True
Is (17/21 - (-4)/(-6)) + (-203011172)/(-2009) prime?
True
Let d = 8 - 2. Suppose 0 = -9*i - 13*i + 229592. Suppose d*z - i = 2*z. Is z a composite number?
False
Suppose 0*a - 16 = -4*a. Let x(g) = 110*g**3 - 4*g**2 - 11*g + 21. Is x(a) a composite number?
True
Suppose -11*h + 9*h + 2 = 0. Suppose 2*y - q = -2*q + h, 0 = -2*y + q - 9. Let k(r) = 41*r**2 + 2*r - 1. Is k(y) composite?
True
Let i be (72/(-21))/(-3*(-6)/(-126)). Is 1574/(-4)*i/(-12) a composite number?
False
Let m = -133 + 142. Suppose -4*b + 21541 = m*b. Is b composite?
False
Suppose -37712745 = -25*w - 80*w. Is w prime?
False
Suppose -39*d + 64472 = -31*d. Suppose -l + 5*h = -4553, -3*l - 3*h + 5672 + d = 0. Is l prime?
False
Suppose 7*u - 4*u + 9543 = 2*z, 0 = -4*u - 3*z - 12741. Let o = 1226 - u. Is o a prime number?
True
Let y = 63046 - 30095. Is y prime?
False
Is ((-39586283)/33 + 23)*(-3)/4 composite?
False
Let x(c) = 49*c**2 - 16*c - 42. Let o be x(18). Suppose 0 = 6*q - 8*q + o. Is q a composite number?
True
Suppose -g = -4*h - 2937, 4*g - h = g + 8844. Suppose 3*z = -5*u + 2*u + g, 3*z = -u + 2945. Let j = 1682 - z. Is j a composite number?
False
Let h = -118549 - -183702. Is h a composite number?
True
Let d = -382 + 382. Suppose d = -4*f - 8, 3*f = h + 5*f - 987. Is h prime?
True
Suppose 148240 = 204*a - 194*a. Let w = -8093 + a. Is w a prime number?
False
Let y be (-9)/4*(-290)/261*-4990. Let m = 25456 + y. Is m composite?
True
Let r(a) = 8184*a**3 + 3*a**2 - 2*a - 1. Is r(2) composite?
False
Is (-2 - (-10)/3)*65487009/476 a prime number?
True
Let s(r) be the third derivative of -r**5/60 - 7*r**4/6 - 35*r**3/6 + r**2 - 6*r. Is s(-16) a composite number?
False
Let i be 213/15 + 1/(-5). Suppose 22 = i*q - 12*q. Suppose -q*y + 382 = -9*y. Is y composite?
False
Let w(y) = -494*y**3 + 5*y + 1. Let b = -200 + 198. Is w(b) a prime number?
True
Let i(f) = 426*f - 2. Let w be i(-3). Let y be (-2 + 6/3 - w) + -2. Suppose 5*q = -z + 264, 0*q = -5*z - 4*q + y. Is z prime?
False
Suppose -3*k - 3*f + 14241 = -8*f, 4*k - f = 18971. Let d = k - -108. Suppose -15*w = -5*w - d. Is w composite?
True
Suppose -y + 3*n = -482295 - 361345, -3*n = 5*y - 4218164. Suppose 114484 - y = -50*a. Is a composite?
True
Let o(r) be the second derivative of 485*r**4/12 + 3*r**3/2 - 19*r**2/2 - 115*r. Is o(3) composite?
False
Suppose 12 = -4*z, -2*a + 111207 = -a + 5*z. Suppose -3*q + 2*i - 7*i = -a, q + i = 37076. Is q composite?
True
Let a(h) = 15*h**2 + 4*h + 18. Suppose 203 = 3*c - 184. Let l be 2/(-9) + c/(-27). Is a(l) composite?
False
Let z(l) be the second derivative of l**4/12 + l**3 - 3*l**2 + l. Suppose -13*i + 4*i + 36 = 0. Is z(i) prime?
False
Suppose -107*l + 46*l = -8075729. Is l a composite number?
True
Is 1